481481. Calculate x(329).
6
Let u(q) = -25*q**2 - 20*q - 557. What is u(0)?
-557
Let d(y) = 1402*y + 161266. Give d(-115).
36
Let b(v) = 2815*v - 45013. What is b(16)?
27
Let w(o) = -264027*o + 1848189. Determine w(7).
0
Let c(r) = 10470*r - 31507. Determine c(3).
-97
Let d(a) = -6306*a + 18724. Give d(3).
-194
Let a(j) = -27*j**2 + 25*j + 23. What is a(5)?
-527
Let o(a) = -2*a**2 - 3*a + 204. Determine o(6).
114
Let l(p) = 61*p**2 - 166*p - 828. Determine l(-4).
812
Let z(q) = 6208*q + 62076. Give z(-10).
-4
Let s(c) = -25895*c + 258933. Give s(10).
-17
Let w(s) = s**2 - 42*s - 16846. Give w(-110).
-126
Let h(s) = -11568*s - 46262. Calculate h(-4).
10
Let g(y) = 6675*y - 420518. Determine g(63).
7
Let a(y) = 62*y + 5676. Determine a(-46).
2824
Let w(z) = 5*z**3 + 214*z**2 - 271*z - 1347. Give w(-44).
-1039
Let c(k) = -4808*k - 62510. Determine c(-13).
-6
Let r(q) = -29*q - 840. Determine r(-33).
117
Let p(k) = -24*k**3 + 6765*k**2 + 859*k - 3785. Give p(282).
-119
Let g(i) = 2*i**3 + 227*i**2 - 78*i - 19091. Determine g(-113).
2492
Let x(l) = 593*l - 3821. Calculate x(7).
330
Let z(t) = 5845*t + 613732. Calculate z(-105).
7
Let v(g) = 2*g**2 - 1511*g + 61726. Give v(43).
451
Let n(g) = 446*g - 4405. Calculate n(10).
55
Let g(v) = 608*v**3 - v**2 + 1028*v + 1030. Give g(-1).
-607
Let m(a) = -9*a**2 - 1913*a + 12653. What is m(-219)?
-49
Let r(i) = -i**3 - 104*i**2 - 349*i - 4606. Calculate r(-101).
40
Let c(r) = r**3 - 9*r**2 - 52*r + 427. Give c(18).
2407
Let z(x) = x**3 - 56*x**2 + 1048*x - 237435. What is z(80)?
5
Let p(d) = 37*d**2 - 1524*d - 3053. Determine p(-2).
143
Let t(o) = 4*o**3 + 636*o**2 - 194*o - 130504. Determine t(-158).
4
Let w(a) = -a**3 + 28*a**2 - 32*a + 89. Calculate w(27).
-46
Let l(x) = -23174*x - 231897. Calculate l(-10).
-157
Let a(r) = -r**3 - 135*r**2 - 999*r + 138. Give a(-8).
2
Let x(h) = -41257*h + 329905. Calculate x(8).
-151
Let j(d) = -369*d**2 - 4046*d + 165. Give j(-11).
22
Let r(v) = 12*v**2 + 2674*v - 620. Calculate r(-226).
7968
Let w(z) = -z**3 + 24*z**2 + 117*z - 286. Determine w(28).
-146
Let g(x) = -x**3 - 353*x**2 - 4075*x + 5876. Determine g(-341).
79
Let h(y) = 123923*y - 5700441. What is h(46)?
17
Let x(m) = 6043*m + 30227. Calculate x(-5).
12
Let z(y) = 7*y**2 - 225*y - 193. What is z(25)?
-1443
Let l(g) = -563*g + 103609. Determine l(184).
17
Let v(b) = 7*b**3 + 38*b**2 + 53*b - 20. Determine v(-6).
-482
Let m(w) = 2610*w + 240186. Calculate m(-92).
66
Let l(u) = -u**3 + 97*u**2 - 2198*u - 2590. Determine l(59).
6
Let s(z) = -2*z**3 + 127*z**2 + 154*z - 21063. Calculate s(62).
17
Let r(o) = -1604*o - 2250. Calculate r(-1).
-646
Let g(n) = 7*n**2 + 911*n + 29531. Calculate g(-61).
7
Let d(y) = -2*y**2 - 37123*y + 817667. Determine d(22).
-7
Let l(a) = -a**3 - 16*a**2 - 717*a - 6917. Calculate l(-10).
-347
Let w(q) = 5*q**2 + 141*q + 410. What is w(-28)?
382
Let j(d) = 14636*d - 409843. What is j(28)?
-35
Let t(q) = -5*q**2 + 6268*q - 733315. Give t(1123).
4
Let j(l) = 3*l**2 + 1118*l - 5635. Calculate j(5).
30
Let u(a) = -3*a**2 + 84*a + 1479. Calculate u(-11).
192
Let j(c) = c**3 - 1079*c**2 - 4350*c + 19482. What is j(1083)?
-12
Let w(n) = n**3 + 559*n**2 - 5000*n + 9668. Determine w(6).
8
Let c(a) = a**2 + a + 1280. Calculate c(0).
1280
Let h(k) = 102289*k + 1227468. Calculate h(-12).
0
Let m(f) = -373*f**2 + 2*f + 9. What is m(-2)?
-1487
Let b(p) = -p**3 - 13*p**2 + 60*p + 855. Calculate b(-12).
-9
Let x(v) = 9*v**3 - 61*v**2 + 24*v + 163. What is x(4)?
-141
Let a(c) = -2*c**3 + 116*c**2 + 143*c - 1445. Determine a(59).
30
Let b(a) = 2*a**2 + 2468*a - 557292. Determine b(195).
18
Let t(j) = -9*j**2 - 600*j - 9224. What is t(-24)?
-8
Let g(h) = 3*h**3 + 64*h**2 + 50*h + 166. What is g(-21)?
-443
Let b(o) = 23*o**3 - 296*o**2 + 140*o - 2262. Calculate b(13).
65
Let x(m) = -m**2 - 2543*m - 1485294. Give x(-909).
12
Let v(j) = -4*j**3 + 2*j**2 - 352*j - 700. Give v(-2).
44
Let t(h) = 1484*h - 7379. Determine t(5).
41
Let s(a) = -a**2 + 897*a - 55679. What is s(67)?
-69
Let n(v) = -13*v**3 + 324*v**2 + 29*v - 107. What is n(25)?
-7
Let j(b) = -b**3 + 35*b**2 - 51*b - 216. Determine j(33).
279
Let r(p) = -5*p**2 + 2899*p - 385677. Determine r(373).
5
Let n(i) = -2404*i + 14153. Give n(6).
-271
Let c(n) = 2*n**2 - 5247*n + 26149. Determine c(5).
-36
Let z(r) = -r**3 + 19*r**2 + 630*r - 3. Give z(-17).
-309
Let w(t) = 540*t**3 + t**2 + 16*t - 15. What is w(1)?
542
Let d(o) = o**3 - 149*o**2 + 5441*o - 66. Determine d(85).
19
Let s(p) = -132*p + 2187. What is s(32)?
-2037
Let z(x) = -2*x**3 + 543*x**2 + 1067*x - 44. What is z(-2)?
10
Let z(b) = b**2 - 454*b - 262068. Give z(-333).
3
Let l(j) = -j**3 + 94*j**2 - 659*j + 81691. Give l(96).
-5
Let w(x) = -7*x**3 + 1200*x**2 - 9220*x + 18. Determine w(8).
-526
Let f(n) = -n**2 - 90865*n - 6355644. Determine f(-70).
6
Let r(t) = 7*t**3 + 305*t**2 + 2070*t - 1053. Give r(-35).
-3
Let c(j) = 64*j**3 - 13*j**2 - 97*j - 174. Determine c(-3).
-1728
Let b(n) = -9*n**3 + 516*n**2 + 323*n - 82. Give b(58).
-1532
Let x(y) = 2*y**3 - 6*y**2 + 7730*y + 23201. What is x(-3)?
-97
Let f(w) = 4*w**3 - 106*w**2 - 365*w - 22. Give f(-3).
11
Let d(z) = -40024*z + 240058. Give d(6).
-86
Let i(l) = -541*l - 35322. What is i(-65)?
-157
Let p(q) = -15100*q - 181201. Calculate p(-12).
-1
Let m(h) = -h**2 - 392*h - 10212. Calculate m(-28).
-20
Let k(h) = 3*h**2 + 509*h - 4248. What is k(8)?
16
Let b(w) = -154*w**2 - 99*w + 572. Give b(4).
-2288
Let x(u) = 48*u**2 - 2054*u - 419. Determine x(43).
11
Let h(s) = 217*s + 7386. Calculate h(-34).
8
Let u(b) = 146*b + 5278. Calculate u(-31).
752
Let j(c) = -c**3 - 85*c**2 + 545*c - 105. Determine j(-91).
-14
Let h(q) = -898*q + 80833. Give h(90).
13
Let q(n) = 343*n**2 - 985*n + 19. What is q(4)?
1567
Let v(q) = q**3 + 9*q**2 - 70*q - 532. Calculate v(-10).
68
Let r(f) = 203908*f + 2039088. Determine r(-10).
8
Let p(t) = t**2 - 1052*t + 67649. Give p(69).
-178
Let b(o) = -6*o**3 - 552*o**2 - 1043*o + 3285. What is b(-90)?
-45
Let c(d) = d**3 - 228*d**2 + 1794*d - 7501. Give c(220).
-21
Let m(n) = 10*n**3 - 133*n**2 + 407*n - 4788. What is m(13)?
-4
Let g(d) = -d**2 - 7588*d + 3170047. Determine g(397).
2
Let m(w) = -526*w + 69073. Give m(132).
-359
Let j(b) = -2460*b + 12634. What is j(5)?
334
Let k(i) = -421*i + 34553. What is k(82)?
31
Let f(k) = 4*k**2 - 19*k + 128. What is f(25)?
2153
Let i(q) = 5*q**3 - 1626*q**2 + 2*q + 104984. Determine i(325).
9
Let x(a) = 23755*a - 165988. Calculate x(7).
297
Let p(f) = 6*f**3 - 9*f**2 + 218*f + 489. Determine p(-2).
-31
Let p(i) = 516*i**3 + 3*i**2 + 80*i + 76. What is p(-1)?
-517
Let d(q) = -1271*q**2 + 6280*q - 3. Give d(5).
-378
Let t(k) = 20429*k + 1470891. Determine t(-72).
3
Let n(p) = p**2 + 1782*p - 256733. Determine n(134).
11
Let q(y) = -207637*y - 15988053. What is q(-77)?
-4
Let v(w) = -w**3 - 38*w**2 - 144*w + 225. What is v(-35)?
1590
Let p(x) = -10144*x - 70886. What is p(-7)?
122
Let u(k) = -16*k**2 - 1775*k - 8466. Determine u(-5).
9
Let r(j) = -368*j - 3161. Calculate r(-9).
151
Let f(d) = -625*d**2 + 90*d - 94. Determine f(1).
-629
Let g(m) = -5401*m + 32447. Give g(6).
41
Let m(k) = -k**3 + 62*k**2 - 752*k + 712. Determine m(46).
-24
Let j(o) = -o**3 + 127*o**2 + 3780*o - 499. Calculate j(-25).
1
Let b(h) = 2*h**3 + 4*h**2 - 394*h - 57. Calculate b(0).
-57
Let i(g) = 60923*g - 487369. What is i(8)?
15
Let g(f) = -f**3 - 10*f**2 - 1470*f - 11630. Determine g(-8).
2
Let z(o) = 1123*o**3 + 159*o**2 + 3*o + 4. Determine z(-1).
-963
Let r(d) = -4*d**2 - 1211*d - 25448. Calculate r(-280).
32
Let p(a) = -10437*a - 22148. Calculate p(-2).
-1274
Let p(l) = 26*l**2 - 618*l + 497. Give p(23).
37
Let a(k) = 77*k**2 + 488*k - 1029. Calculate a(-8).
-5
Let d(c) = 11730*c - 2955975. Calculate d(252).
-15
Let w(u) = -12*u**3 + 34*u**2 + 14*u - 43. What is w(4)?
-211
Let c(i) = i**3 + 192*i**2 - 773*i + 2171. Calculate c(-196).
15
Let c(i) = 27*i + 638. Calculate c(-58).
-928
Let f(g) = -155*g + 1041. Determine f(7).
-44
Let s(h) = -202*h + 6739. Give s(30).
679
Let f(k) = -274*k + 44810. Calculate f(166).
-674
Let w(v) = 2334*v + 258542. Give w(-111).
-532
Let h(l) = -l**3 + 639*l**2 - 21714*l + 229. Determine h(36).
13
Let k(g) = 2*g**3 - 76*g**2 + 19*g + 65. Determine k(38).
787
Let